k) = k**2 - k + 1. Let o(c) = 14*c**2 - 18*c + 18. Let g(f) = 36*h(f) - 2*o(f). What is the units digit of g(r)?
8
Suppose -5*r + 5 = -10. Suppose 0 = r*w + 3*f - 12, -2*w + 0*w + 3*f = 12. Suppose -4*x + 40 = 4*u, w = -2*x + x - 4*u + 22. What is the units digit of x?
6
Suppose 410 = 3*r + 62. What is the hundreds digit of r?
1
Let r = 10 + -17. Let x = 15 + r. Let k = 9 + x. What is the units digit of k?
7
What is the hundreds digit of 2818/14 + (-38)/133?
2
Suppose 2*l = 3*l - 39. What is the tens digit of l?
3
Let f = 7 + -3. Let d(m) = m**2 - 3*m - 3. Let n be d(5). Let c = n - f. What is the units digit of c?
3
Let w = 238 - 98. What is the hundreds digit of w?
1
Let h(d) = -5 + 0 + 8 - d. Let n be h(0). Suppose -n - 9 = -3*g. What is the units digit of g?
4
Suppose 32 = 4*n + 5*u - 4, -4*n + 64 = -2*u. What is the units digit of n?
4
Let w(h) = -h**2 + 14*h - 4. What is the units digit of w(8)?
4
Let m = -12 + 17. Suppose 29 = m*z - 76. What is the tens digit of z?
2
Suppose 0 = 3*k + 20 - 5, 155 = 5*q + 2*k. What is the units digit of q?
3
Suppose 0 = -c - 2*c - t + 14, 14 = 2*c - 4*t. Suppose 0 = -2*a + c*a + 45. Let d = a + 23. What is the units digit of d?
8
Let i(p) = -p**3 + 15*p**2 + 14*p + 17. Let f be i(16). Let r = f - -38. What is the units digit of r?
3
Suppose 0 = -q + 4*a + 126, -6*a = -3*q - 2*a + 370. What is the tens digit of q?
2
Let a(k) = -k + 4. Let r be a(5). Let i(h) be the second derivative of -h**5/4 - h**4/12 - h**3/3 - h**2/2 + 2*h. What is the units digit of i(r)?
5
Suppose 4*t + t - 46 = 4*q, -4*t + 32 = -2*q. What is the units digit of ((-8)/t)/(4/(-24))?
8
Suppose 0 = 2*t + 5*z + 9, -t - 4*z = -3*t + 18. Suppose 6*a = 4*h + t*a - 12, -2*a + 26 = 3*h. What is the units digit of h?
6
Let c = 3 - -2. Suppose 0 = -c*p + 46 + 4. What is the tens digit of p?
1
Let p be 0*(-2 + 12/8). Suppose p = -5*h + 4*g + 171, -4*h + 2*g = -2*h - 68. What is the units digit of h?
5
Let s(k) = k**3 + 22*k**2 + 34*k - 38. What is the tens digit of s(-20)?
8
Let i be 3 - 4/(8/(-6)). Suppose -i*a + 2*a + 20 = 0. What is the units digit of a?
5
Let r = 8 + -5. Let k(a) = -2*a + 9*a + r + a**2 + a. What is the units digit of k(-9)?
2
Suppose 0 = 2*h + u - 74, -4*h + 93 + 83 = -5*u. Let r = h - 28. What is the tens digit of r?
1
Let n = -31 + 136. What is the hundreds digit of n?
1
Let f(k) = 2*k**2 - 1. Let q be f(1). Suppose 0 = -2*p + p + 4*u - q, -2*u + 86 = 4*p. What is the units digit of p?
9
Let z = -35 + 92. What is the units digit of z?
7
Suppose -6*n + 3*n = -360. What is the tens digit of n?
2
Let w(f) = -194*f - 18. What is the units digit of w(-2)?
0
Let d = 119 + -62. What is the units digit of d?
7
Let l(b) = -b**2 + 7*b - 1. Let z(c) = -2*c - 5. Let q be z(-4). What is the units digit of l(q)?
1
Suppose -u - 135 = -6*u. What is the tens digit of u?
2
Suppose -4*h = -2*z + 2, 0 = -h - 0*h + z. Let f = h - -3. Suppose -3*s + 17 = f*x, 3*x - 4*s + 4 = x. What is the units digit of x?
4
Let x = 1 + 2. Suppose -x*t + 4*h = -t - 18, 4*t - 64 = h. Suppose -z - 5 = -t. What is the units digit of z?
2
Suppose 0 = 3*c - 3, w + 4*c = 4*w - 329. What is the units digit of 4*(-3 - w/(-12))?
5
Suppose -4*t = -8 - 0. What is the units digit of 21/t*14/21?
7
What is the tens digit of 3/12 + (-127)/(-4)?
3
Suppose 0 = 3*i + 2*r - 65, 5*r - 16 = -2*i + 9. What is the tens digit of i?
2
Suppose -3*z + 4 = -z, -2*o = -4*z + 6. What is the units digit of o/(7/6 + -1)?
6
Suppose -4*k - 12 = -7*k. What is the tens digit of (k/(-6))/(4/(-114))?
1
Let i = 2 - 3. Let l be 4 + 4/2*i. What is the units digit of (-3 + l - 1) + 8?
6
Let r(y) = -y**3 - 9*y**2 + 9*y - 7. Let q be r(-10). Suppose 49 = q*m - 2. What is the tens digit of m?
1
What is the hundreds digit of ((-1989)/52)/(6/(-16))?
1
Suppose -2 - 5 = -h - 2*p, 0 = 3*h + 3*p - 12. Let a(l) = l**3 - 2*l**2 - 2 + 3 + 3*l**3. What is the units digit of a(h)?
3
Suppose 0 = -2*k - k. Suppose t + 0*t - 23 = k. What is the tens digit of t?
2
Let p(h) = 15*h - 6. Suppose -c - 1 = -4. What is the tens digit of p(c)?
3
Let m(i) = -3*i**3 + 7*i**2 - 4*i - 3. Let d(u) = -13*u**3 + 28*u**2 - 17*u - 12. Let f(z) = 2*d(z) - 9*m(z). What is the tens digit of f(7)?
1
Suppose -y - 2*q + 12 = 0, -5*y + 0*q - 3*q = -53. Suppose 0 = z - 4*u - u + 6, z - u = y. What is the tens digit of z?
1
Suppose -4*z + 59 = -2*l - 35, 3*l - z + 166 = 0. Let a = -36 - l. What is the tens digit of a?
2
Let m(h) = 6*h**2 + 8*h - 8. Let r be m(7). Suppose 5*n - r = 3*t, 86 = n - 4*t - t. What is the units digit of (-2)/(-5) + n/10?
7
Let h(z) = z**3 - 8*z**2 + 3*z + 2. What is the units digit of h(8)?
6
Suppose -5*v - 2*f + 664 = -2*v, v + 5*f = 243. What is the units digit of v?
8
Suppose 0 = -j - 5, -5*y + 3*j + 42 - 7 = 0. Suppose 11 = -y*z + 39. Suppose 0 = -u + d + z, u - 12 + 2 = -2*d. What is the units digit of u?
8
What is the hundreds digit of ((-550)/22)/(2/(-10))?
1
Let a(o) = o + 12. Let g be a(-10). Suppose -2*i + 4 = g*i. What is the units digit of i?
1
Let p(r) = 22*r**3 - r**2 - r. Let d = 3 + -4. Let w be p(d). Let u = -14 - w. What is the units digit of u?
8
Let i be 1*3 + 12 + -12. Suppose 2*w - 12 = -3*v + 10, -i*w = 5*v - 37. What is the units digit of v?
8
Suppose 2*u = 277 + 141. What is the units digit of u?
9
Let h(p) = p + 0 + 1 + 7. Let q be h(-6). Suppose 0 = -q*n - 5*c + 41, 77 = 2*n + 3*n + 4*c. What is the tens digit of n?
1
What is the tens digit of (-2)/11 + 25184/88 + 1?
8
Suppose -f = 3*q + 2, -4 = 2*q - 4*f - 26. Let k = 1 - q. Suppose -c + 4 = c + 4*n, 2*n = k. What is the units digit of c?
2
Suppose -5*u - 3*a + 173 = -0*u, 128 = 4*u + 5*a. What is the units digit of u?
7
Let x be 1 - 3/(0 + -3). Let m(i) = 2*i - i**x - 3*i - 6 + 0*i + 8*i. What is the units digit of m(5)?
4
Let u = -4 - -2. Let t be (-9)/u*(-8)/(-12). Suppose t*x - 2*q - 20 = 0, -4*x + 0*x = 5*q - 42. What is the units digit of x?
8
Suppose 4*c = -3*k + 1, -4*k + 4*c = 8*c - 4. What is the units digit of k?
3
Let c(l) = -l**3 + 6*l**2 + l + 12. What is the tens digit of c(5)?
4
Suppose 5*w - 2*a = 624, w - 2*a = 98 + 30. What is the units digit of w?
4
Let h be (3 + -2)*(11 + 0). Let k = h - 7. What is the units digit of 18/k*(-12)/(-9)?
6
Let z(h) = 3*h + 5. Let n(m) = 6*m + 9. Let j(g) = -2*n(g) + 5*z(g). What is the units digit of j(4)?
9
What is the units digit of 69*(-4 - -2 - -3)?
9
Let y = -24 + 104. Suppose 0*b - 2*b = y. Let m = 56 + b. What is the units digit of m?
6
Let j(z) = -4*z + z + 2*z - 9 + 10. What is the units digit of j(-2)?
3
Let q = 10 + -6. Suppose -4*o = 2*l - 236, 3*o - 232 = -o - q*l. Suppose -2*c + o = c. What is the tens digit of c?
2
Let w(m) = 6*m + 3. Let c be w(-11). Let x = 105 + c. What is the units digit of x?
2
Suppose 3*z = 2*p + 5 + 6, -3*p = 2*z - 3. Let s be p + (-4 - -1) + -1. What is the units digit of (s/(-10))/((-2)/(-32))?
8
Suppose -a - 1 = 0, 0*a + 204 = 4*n - 4*a. What is the tens digit of n?
5
Let v(a) = -2*a. Let y be v(-3). Let n(f) = -f + 14. What is the units digit of n(y)?
8
Suppose 3250 = l - 3*l. What is the units digit of l/(-26)*(-4)/(-5)?
0
Suppose -2*i + 42 = -i - 4*h, -h - 134 = -5*i. What is the units digit of i?
6
Let c(s) be the third derivative of -s**6/120 - s**5/10 - 5*s**4/24 - s**3/3 + 2*s**2. Let k be c(-5). What is the units digit of 0 + (-3)/(-3) - k?
3
What is the units digit of (-4 - -26*1)*9 + -4?
4
Suppose 80 - 220 = -7*q. What is the tens digit of q?
2
Let v(i) = i - 4. Let k(a) = a - 3. Let m(j) = -4*k(j) + 3*v(j). Let w be m(-4). Suppose 8*r - 56 = w*r. What is the units digit of r?
4
Let n = 52 + 89. What is the tens digit of n?
4
Let r(i) = 10*i + 1. Let m be (-2)/7 - (-32)/14. What is the tens digit of r(m)?
2
Let h(p) = -7*p**2 - 17*p - 7. Let r(z) = -3*z**2 - 8*z - 4. Let i(u) = 2*h(u) - 5*r(u). Let x be i(-5). What is the units digit of (-78)/(-6) - x*-1?
4
Let x(h) = -9*h - 18. What is the tens digit of x(-8)?
5
Let l = 18 + 46. What is the tens digit of l?
6
Let i(d) = -8*d**3 - 5*d - 7. What is the tens digit of i(-2)?
6
Let p = 1 - 6. What is the units digit of (-2)/10 - 51/p?
0
Let k be -1 + 5 - (-4 - -3). Suppose -16 = 5*b + 9, -4*c + 25 = -k*b. Suppose -2 = -2*f, c = 5*r - 2*f + 6*f - 34. What is the units digit of r?
6
Let k